{"id":25781,"date":"2023-08-08T09:26:22","date_gmt":"2023-08-08T09:26:22","guid":{"rendered":"https:\/\/asystems-backup.mediagrafik.cz\/our-team\/karolina-jamecna\/"},"modified":"2025-04-30T11:45:37","modified_gmt":"2025-04-30T11:45:37","slug":"karolina-jamecna","status":"publish","type":"our-people","link":"https:\/\/asystems-backup.mediagrafik.cz\/pl\/our-team\/karolina-jamecna\/","title":{"rendered":"Karol\u00edna Jame\u010dn\u00e1"},"content":{"rendered":"","protected":false},"featured_media":16044,"template":"","country":[75],"class_list":["post-25781","our-people","type-our-people","status-publish","has-post-thumbnail","hentry","country-slovakia"],"acf":[],"_links":{"self":[{"href":"https:\/\/asystems-backup.mediagrafik.cz\/pl\/wp-json\/wp\/v2\/our-people\/25781","targetHints":{"allow":["GET"]}}],"collection":[{"href":"https:\/\/asystems-backup.mediagrafik.cz\/pl\/wp-json\/wp\/v2\/our-people"}],"about":[{"href":"https:\/\/asystems-backup.mediagrafik.cz\/pl\/wp-json\/wp\/v2\/types\/our-people"}],"wp:featuredmedia":[{"embeddable":true,"href":"https:\/\/asystems-backup.mediagrafik.cz\/pl\/wp-json\/wp\/v2\/media\/16044"}],"wp:attachment":[{"href":"https:\/\/asystems-backup.mediagrafik.cz\/pl\/wp-json\/wp\/v2\/media?parent=25781"}],"wp:term":[{"taxonomy":"country","embeddable":true,"href":"https:\/\/asystems-backup.mediagrafik.cz\/pl\/wp-json\/wp\/v2\/country?post=25781"}],"curies":[{"name":"wp","href":"https:\/\/api.w.org\/{rel}","templated":true}]}}

Karolína Jamečná
