{"id":4722,"date":"2022-06-20T13:46:56","date_gmt":"2022-06-20T13:46:56","guid":{"rendered":"https:\/\/asystems-backup.mediagrafik.cz\/?page_id=4722"},"modified":"2025-01-27T05:07:14","modified_gmt":"2025-01-27T05:07:14","slug":"future-talent-program-cz","status":"publish","type":"page","link":"https:\/\/asystems-backup.mediagrafik.cz\/cs\/nase-reseni\/future-talent-program-cz\/","title":{"rendered":"Talent program pro budoucnost"},"content":{"rendered":"\n    \n    <div class=\"hero\">\n        <div class=\"hero__content content content--regular\">\n            <div class=\"hero__inside-wrapper\">\n\n                                    <p class=\"hero__subheading\">Objevte s\u00edlu potenci\u00e1lu va\u0161ich talent\u016f<\/p>\n                \n                <h1 class=\"hero__title\">Talent program pro budoucnost<\/h1>\n\n                                    <p class=\"hero__text\">Talenti jsou kl\u00ed\u010dov\u00ed lid\u00e9 ve va\u0161\u00ed organizaci, kte\u0159\u00ed mohou nejv\u00edce p\u0159isp\u00edvat k jej\u00edmu \u00fasp\u011bchu. Velmi d\u016fle\u017eit\u00fd je v\u0161ak dob\u0159e navr\u017een\u00fd talentov\u00fd program, kter\u00fd v nich za\u017eehne pot\u0159ebnou s\u00edlu a vyu\u017eije jejich potenci\u00e1l.<\/p>\n                \n                \n            <\/div>\n\n                            <img decoding=\"async\" src=\"https:\/\/asystems-backup.mediagrafik.cz\/wp-content\/themes\/asystems-new\/img\/svg\/slogan.svg\" alt=\"Slogan\" class=\"hero__slogan\">\n                    <\/div>\n\n                    <div class=\"hero__image\">\n                <img fetchpriority=\"high\" decoding=\"async\" width=\"1920\" height=\"700\" src=\"https:\/\/asystems-backup.mediagrafik.cz\/wp-content\/uploads\/2022\/06\/header-slider-bg-1920x700.jpg\" class=\"absolute-image\" alt=\"\" loading=\"eager\" srcset=\"https:\/\/asystems-backup.mediagrafik.cz\/wp-content\/uploads\/2022\/06\/header-slider-bg.jpg 1920w, https:\/\/asystems-backup.mediagrafik.cz\/wp-content\/uploads\/2022\/06\/header-slider-bg-300x109.jpg 300w, https:\/\/asystems-backup.mediagrafik.cz\/wp-content\/uploads\/2022\/06\/header-slider-bg-1024x373.jpg 1024w, https:\/\/asystems-backup.mediagrafik.cz\/wp-content\/uploads\/2022\/06\/header-slider-bg-768x280.jpg 768w, https:\/\/asystems-backup.mediagrafik.cz\/wp-content\/uploads\/2022\/06\/header-slider-bg-1536x560.jpg 1536w\" sizes=\"(max-width: 1920px) 100vw, 1920px\" \/>            <\/div>\n        \n    <\/div>\n\n\n\n<section class=\"section is-style-section--normal\">\n<div class=\"content content--regular global-style\">\n\n<h3 class=\"wp-block-heading\">Jak\u00e9 v\u00fdzvy je v t\u00e9to oblasti t\u0159eba \u0159e\u0161it<\/h3>\n\n<p>N\u00e1\u0161 Talent program pro budoucnost vyu\u017eijete, pokud va\u0161e organizace:<\/p>\n\n<ul class=\"wp-block-list\">\n<li>ch\u00e1pe<strong>\u00a0pot\u0159ebu budouc\u00edho veden\u00ed<\/strong>\u00a0a je p\u0159ipravena aktivn\u011b sm\u011b\u0159ovat a nenechat se \u0159\u00eddit okolnostmi<\/li>\n\n\n\n<li>proch\u00e1z\u00ed kulturn\u00ed transformac\u00ed a chcete zajistit, aby va\u0161i budouc\u00ed l\u00edd\u0159i\u00a0<strong>odpov\u00eddali nov\u00fdm kulturn\u00edm standard\u016fm<\/strong><\/li>\n\n\n\n<li>p\u0159edv\u00edd\u00e1 nadch\u00e1zej\u00edc\u00ed\u00a0<strong>genera\u010dn\u00ed obm\u011bnu<\/strong>, kter\u00e1 je zp\u016fsobena technologick\u00fdmi nebo tr\u017en\u00edmi zm\u011bnami<\/li>\n\n\n\n<li>chce\u00a0<strong>objevit<\/strong>\u00a0a pln\u011b vyu\u017e\u00edt p<strong>otenci\u00e1l sv\u00fdch talent\u016f.<\/strong><\/li>\n\n\n\n<li>chce si\u00a0<strong>udr\u017eet sv\u00e9 kl\u00ed\u010dov\u00e9 lidi<\/strong>\u00a0\u2013 \u0161pi\u010dkov\u00e9 pracovn\u00edky a lidi s vysok\u00fdm potenci\u00e1lem<\/li>\n\n\n\n<li>chce\u00a0<strong>p\u0159id\u011blovat talenty do spr\u00e1vn\u00fdch rol\u00ed<\/strong><\/li>\n<\/ul>\n\n<h2 class=\"wp-block-heading\">Jak V\u00e1m m\u016f\u017eeme pomoci<\/h2>\n\n<p>Na\u0161e koncepce je mezin\u00e1rodn\u011b osv\u011bd\u010den\u00fd proces, kter\u00fd vytv\u00e1\u0159\u00ed p\u0159\u00edmou vazbu na strategick\u00e9 pot\u0159eby va\u0161\u00ed spole\u010dnosti t\u00edm, \u017ee rozv\u00edj\u00ed r\u016fzn\u00e9 talenty sm\u011brem k&nbsp;jej\u00edm budouc\u00edm pot\u0159eb\u00e1m.&nbsp;<strong>P\u0159ev\u00e1d\u00ed firemn\u00ed strategii na va\u0161e lidi<\/strong>, kte\u0159\u00ed ji n\u00e1sledn\u011b aplikuj\u00ed v dlouhodob\u00e9m horizontu. Program byl sestaven modul\u00e1rn\u011b, aby co nejl\u00e9pe odpov\u00eddal specifick\u00fdm pot\u0159eb\u00e1m va\u0161\u00ed organizace. Metodika je zalo\u017eena na na\u0161ich nejlep\u0161\u00edch postupech a znalostech v oblasti rozvoje talent\u016f a leadershipu, kter\u00e9 jsme z\u00edskali b\u011bhem posledn\u00edch dvaceti let.<\/p>\n<\/div><!--\/ .container -->\n<\/section><!--\/ .group -->\n\n\n\n                <div class=\"cta cta--blue\">\n            <div class=\"cta__content content content--regular\">\n\n                                    <div class=\"cta__text\">Uve\u010fte potenci\u00e1l va\u0161ich talent\u016f do praxe!<\/div>\n                \n                \n                                            <a href=\"https:\/\/cz.asystems.as\/kontaktujte-nas\/\" class=\"button\" target=\"_blank\" rel=\"noopener\">Kontaktujte n\u00e1s<\/a>\n                    \n                \n            <\/div>\n        <\/div>\n    \n    \n\n\n<section class=\"section is-style-section--pattern\">\n<div class=\"content content--regular global-style\">\n\n<h2 class=\"wp-block-heading\"> Model budouc\u00edch talent\u016f<\/h2>\n\n        \n        <div class=\"model\">\n            <div class=\"model__left \">\n\n                                                    <div class=\"model__item\">\n\n                                            <h4 class=\"model__title\">1 Architekt<\/h4>\n                    \n                                            <p>Vytvo\u0159en\u00ed koncepce, kter\u00e1 p\u0159\u00edmo propojuje talenty se strategi\u00ed<\/p>\n                    \n                <\/div>\n\n                                                    <div class=\"model__item\">\n\n                                            <h4 class=\"model__title\">2 Vyhodnocen\u00ed<\/h4>\n                    \n                                            <p>Objektivn\u00ed pohled na va\u0161e talenty v porovn\u00e1n\u00ed s mezin\u00e1rodn\u00edmi m\u011b\u0159\u00edtky<\/p>\n                    \n                <\/div>\n\n                                                    <div class=\"model__item\">\n\n                                            <h4 class=\"model__title\">3 Aktivace<\/h4>\n                    \n                                            <p>Rozvoj je pl\u00e1nov\u00e1n se zapojen\u00edm kl\u00ed\u010dov\u00fdch zainteresovan\u00fdch stran<\/p>\n                    \n                <\/div>\n\n                                                    <div class=\"model__item\">\n\n                                            <h4 class=\"model__title\">4 Akcelerace<\/h4>\n                    \n                                            <p>V\u00edcerozm\u011brn\u00fd proces r\u016fstu talent\u016f, zam\u011b\u0159en\u00fd na oblasti rozvoje<\/p>\n                    \n                <\/div>\n\n                                                    <div class=\"model__item\">\n\n                                            <h4 class=\"model__title\">5 Zaji\u0161t\u011bn\u00ed<\/h4>\n                    \n                                            <p>Vyhodnocen\u00ed v\u00fdsledk\u016f spolu se strategick\u00fdmi c\u00edli. Pom\u00e1h\u00e1 zjistit hodnotu talent\u016f.<\/p>\n                    \n                <\/div>\n\n                \n            <\/div>\n\n                            <div class=\"model__right\">\n                    <img decoding=\"async\" width=\"417\" height=\"417\" src=\"https:\/\/asystems-backup.mediagrafik.cz\/wp-content\/uploads\/2022\/06\/talent-model.png\" class=\"attachment-full size-full\" alt=\"\" srcset=\"https:\/\/asystems-backup.mediagrafik.cz\/wp-content\/uploads\/2022\/06\/talent-model.png 417w, https:\/\/asystems-backup.mediagrafik.cz\/wp-content\/uploads\/2022\/06\/talent-model-300x300.png 300w\" sizes=\"(max-width: 417px) 100vw, 417px\" \/>                <\/div>\n            \n        <\/div>\n\n    \n\n<h2 class=\"wp-block-heading\">Pro\u010d Assessment Systems?<\/h2>\n\n<ul class=\"wp-block-list is-style-two-columns-list\">\n<li>Zav\u00e1d\u00edme mezin\u00e1rodn\u00ed standardy kvality<\/li>\n\n\n\n<li>Vyu\u017e\u00edv\u00e1me panel mezin\u00e1rodn\u00edch odborn\u00edk\u016f<\/li>\n\n\n\n<li>M\u00e1me glok\u00e1ln\u00ed p\u0159\u00edstup<\/li>\n\n\n\n<li>Slad\u00edme obchodn\u00ed a talentov\u00e9 c\u00edle<\/li>\n\n\n\n<li>Identifikujeme kritick\u00e9 role<\/li>\n\n\n\n<li>Vyhled\u00e1v\u00e1me kritick\u00e9 dovednosti<\/li>\n\n\n\n<li>Klademe v\u011bt\u0161\u00ed d\u016fraz na rozvoj<\/li>\n\n\n\n<li>Rozv\u00edj\u00edme glob\u00e1ln\u00ed talenty<\/li>\n\n\n\n<li>V\u00edme, co d\u011bl\u00e1 dobr\u00e9ho l\u00eddra<\/li>\n\n\n\n<li>M\u00e1me 20 let zku\u0161enost\u00ed s\u00a0talenty<\/li>\n<\/ul>\n<\/div><!--\/ .container -->\n<\/section><!--\/ .group -->\n","protected":false},"excerpt":{"rendered":"<p>Jak\u00e9 v\u00fdzvy je v t\u00e9to oblasti t\u0159eba \u0159e\u0161it N\u00e1\u0161 Talent program pro budoucnost vyu\u017eijete, pokud va\u0161e organizace: Jak V\u00e1m m\u016f\u017eeme&#8230;<\/p>\n","protected":false},"author":1,"featured_media":0,"parent":4711,"menu_order":1,"comment_status":"closed","ping_status":"closed","template":"","meta":{"_acf_changed":false,"footnotes":""},"class_list":["post-4722","page","type-page","status-publish","hentry"],"acf":[],"_links":{"self":[{"href":"https:\/\/asystems-backup.mediagrafik.cz\/cs\/wp-json\/wp\/v2\/pages\/4722","targetHints":{"allow":["GET"]}}],"collection":[{"href":"https:\/\/asystems-backup.mediagrafik.cz\/cs\/wp-json\/wp\/v2\/pages"}],"about":[{"href":"https:\/\/asystems-backup.mediagrafik.cz\/cs\/wp-json\/wp\/v2\/types\/page"}],"author":[{"embeddable":true,"href":"https:\/\/asystems-backup.mediagrafik.cz\/cs\/wp-json\/wp\/v2\/users\/1"}],"replies":[{"embeddable":true,"href":"https:\/\/asystems-backup.mediagrafik.cz\/cs\/wp-json\/wp\/v2\/comments?post=4722"}],"version-history":[{"count":1,"href":"https:\/\/asystems-backup.mediagrafik.cz\/cs\/wp-json\/wp\/v2\/pages\/4722\/revisions"}],"predecessor-version":[{"id":24343,"href":"https:\/\/asystems-backup.mediagrafik.cz\/cs\/wp-json\/wp\/v2\/pages\/4722\/revisions\/24343"}],"up":[{"embeddable":true,"href":"https:\/\/asystems-backup.mediagrafik.cz\/cs\/wp-json\/wp\/v2\/pages\/4711"}],"wp:attachment":[{"href":"https:\/\/asystems-backup.mediagrafik.cz\/cs\/wp-json\/wp\/v2\/media?parent=4722"}],"curies":[{"name":"wp","href":"https:\/\/api.w.org\/{rel}","templated":true}]}}

<div class="hero">
        <div class="hero__content content content--regular">
            <div class="hero__inside-wrapper">

                                    <p class="hero__subheading">Objevte sílu potenciálu vašich talentů</p>
                
                <h1 class="hero__title">Talent program pro budoucnost</h1>

                                    <p class="hero__text">Talenti jsou klíčoví lidé ve vaší organizaci, kteří mohou nejvíce přispívat k jejímu úspěchu. Velmi důležitý je však dobře navržený talentový program, který v nich zažehne potřebnou sílu a využije jejich potenciál.</p>
                
                
            </div>

                            <img decoding="async" src="https://asystems-backup.mediagrafik.cz/wp-content/themes/asystems-new/img/svg/slogan.svg" alt="Slogan" class="hero__slogan">
                    </div>

                    <div class="hero__image">
                <img fetchpriority="high" decoding="async" width="1920" height="700" src="https://asystems-backup.mediagrafik.cz/wp-content/uploads/2022/06/header-slider-bg-1920x700.jpg" class="absolute-image" alt="" loading="eager" srcset="https://asystems-backup.mediagrafik.cz/wp-content/uploads/2022/06/header-slider-bg.jpg 1920w, https://asystems-backup.mediagrafik.cz/wp-content/uploads/2022/06/header-slider-bg-300x109.jpg 300w, https://asystems-backup.mediagrafik.cz/wp-content/uploads/2022/06/header-slider-bg-1024x373.jpg 1024w, https://asystems-backup.mediagrafik.cz/wp-content/uploads/2022/06/header-slider-bg-768x280.jpg 768w, https://asystems-backup.mediagrafik.cz/wp-content/uploads/2022/06/header-slider-bg-1536x560.jpg 1536w" sizes="(max-width: 1920px) 100vw, 1920px" />            </div>
        
    </div>



<section class="section is-style-section--normal">
<div class="content content--regular global-style">

<h3 class="wp-block-heading">Jaké výzvy je v této oblasti třeba řešit</h3>

<p>Náš Talent program pro budoucnost využijete, pokud vaše organizace:</p>

<ul class="wp-block-list">
<li>chápe<strong> potřebu budoucího vedení</strong> a je připravena aktivně směřovat a nenechat se řídit okolnostmi</li>



<li>prochází kulturní transformací a chcete zajistit, aby vaši budoucí lídři <strong>odpovídali novým kulturním standardům</strong></li>



<li>předvídá nadcházející <strong>generační obměnu</strong>, která je způsobena technologickými nebo tržními změnami</li>



<li>chce <strong>objevit</strong> a plně využít p<strong>otenciál svých talentů.</strong></li>



<li>chce si <strong>udržet své klíčové lidi</strong> – špičkové pracovníky a lidi s vysokým potenciálem</li>



<li>chce <strong>přidělovat talenty do správných rolí</strong></li>
</ul>

<h2 class="wp-block-heading">Jak Vám můžeme pomoci</h2>

<p>Naše koncepce je mezinárodně osvědčený proces, který vytváří přímou vazbu na strategické potřeby vaší společnosti tím, že rozvíjí různé talenty směrem k&nbsp;jejím budoucím potřebám.&nbsp;<strong>Převádí firemní strategii na vaše lidi</strong>, kteří ji následně aplikují v dlouhodobém horizontu. Program byl sestaven modulárně, aby co nejlépe odpovídal specifickým potřebám vaší organizace. Metodika je založena na našich nejlepších postupech a znalostech v oblasti rozvoje talentů a leadershipu, které jsme získali během posledních dvaceti let.</p>
</div><!--/ .container -->
</section><!--/ .group -->



                <div class="cta cta--blue">
            <div class="cta__content content content--regular">

                                    <div class="cta__text">Uveďte potenciál vašich talentů do praxe!</div>
                
                
                                            <a href="https://cz.asystems.as/kontaktujte-nas/" class="button" target="_blank" rel="noopener">Kontaktujte nás</a>
                    
                
            </div>
        </div>
    
    


<section class="section is-style-section--pattern">
<div class="content content--regular global-style">

<h2 class="wp-block-heading"> Model budoucích talentů</h2>

        
        <div class="model">
            <div class="model__left ">

                                                    <div class="model__item">

                                            <h4 class="model__title">1 Architekt</h4>
                    
                                            <p>Vytvoření koncepce, která přímo propojuje talenty se strategií</p>
                    
                </div>

                                                    <div class="model__item">

                                            <h4 class="model__title">2 Vyhodnocení</h4>
                    
                                            <p>Objektivní pohled na vaše talenty v porovnání s mezinárodními měřítky</p>
                    
                </div>

                                                    <div class="model__item">

                                            <h4 class="model__title">3 Aktivace</h4>
                    
                                            <p>Rozvoj je plánován se zapojením klíčových zainteresovaných stran</p>
                    
                </div>

                                                    <div class="model__item">

                                            <h4 class="model__title">4 Akcelerace</h4>
                    
                                            <p>Vícerozměrný proces růstu talentů, zaměřený na oblasti rozvoje</p>
                    
                </div>

                                                    <div class="model__item">

                                            <h4 class="model__title">5 Zajištění</h4>
                    
                                            <p>Vyhodnocení výsledků spolu se strategickými cíli. Pomáhá zjistit hodnotu talentů.</p>
                    
                </div>

                
            </div>

                            <div class="model__right">
                    <img decoding="async" width="417" height="417" src="https://asystems-backup.mediagrafik.cz/wp-content/uploads/2022/06/talent-model.png" class="attachment-full size-full" alt="" srcset="https://asystems-backup.mediagrafik.cz/wp-content/uploads/2022/06/talent-model.png 417w, https://asystems-backup.mediagrafik.cz/wp-content/uploads/2022/06/talent-model-300x300.png 300w" sizes="(max-width: 417px) 100vw, 417px" />                </div>
            
        </div>

    

<h2 class="wp-block-heading">Proč Assessment Systems?</h2>

<ul class="wp-block-list is-style-two-columns-list">
<li>Zavádíme mezinárodní standardy kvality</li>



<li>Využíváme panel mezinárodních odborníků</li>



<li>Máme glokální přístup</li>



<li>Sladíme obchodní a talentové cíle</li>



<li>Identifikujeme kritické role</li>



<li>Vyhledáváme kritické dovednosti</li>



<li>Klademe větší důraz na rozvoj</li>



<li>Rozvíjíme globální talenty</li>



<li>Víme, co dělá dobrého lídra</li>



<li>Máme 20 let zkušeností s talenty</li>
</ul>
</div><!--/ .container -->
</section><!--/ .group -->

<p>Jaké výzvy je v této oblasti třeba řešit Náš Talent program pro budoucnost využijete, pokud vaše organizace: Jak Vám můžeme&#8230;</p>
